er when r is divided by 3?
2
Let f = -65 + 86. Calculate the remainder when f is divided by 7.
0
Let b = -3 - -19. Calculate the remainder when 62 is divided by b.
14
Suppose 132 = -4*k + 8*k. What is the remainder when 20 is divided by (-2)/((-1)/(k/6))?
9
Let f(s) = s**3 - 6*s**2 + s. Let c be f(6). Suppose -2*u + c*u = 76. Calculate the remainder when u is divided by 7.
5
Suppose 2*a + 2 = 8. Let c = a - -5. Calculate the remainder when 29 is divided by c.
5
Let o = 7 - -44. Let y be (4/(-3))/((-2)/3). Suppose -o = -u - y*u. Calculate the remainder when 65 is divided by u.
14
Let i(d) = 22*d - 1. What is the remainder when i(1) is divided by 13?
8
Let c = 0 + 2. Let q(t) = 3*t**2 - 10*t + 4. Let d(m) = -2*m**2 + 10*m - 4. Let j(p) = -4*d(p) - 3*q(p). What is the remainder when j(-10) is divided by c?
0
Suppose 9 = b - 22. Let a = -9 + 5. Let z = 4 - a. Calculate the remainder when b is divided by z.
7
Calculate the remainder when 19 is divided by 1 + 7 - (-21)/7.
8
Suppose 2*h - 36 = -2*h + 2*x, 0 = 2*h + 2*x - 12. What is the remainder when 13 is divided by h?
5
Suppose 10 = 3*f - 32. Calculate the remainder when 26 is divided by f.
12
Let k(f) = -f. Let q = 2 - 5. What is the remainder when k(q) is divided by 1?
0
Suppose 0 = -x - 5*x + 132. Calculate the remainder when 87 is divided by x.
21
Let v(u) = u**3 + 14*u**2 - u + 6. What is the remainder when 97 is divided by v(-14)?
17
Let k(r) be the second derivative of r**5/20 + 5*r**4/12 - 7*r**3/6 - 2*r**2 - r. Let f be k(-6). What is the remainder when f/(-4) - 51/(-2) is divided by 13?
12
Let k = 41 - 27. Suppose -2*m + 27 = -5*c, -c + 6 = 5*m - 21. Let f = 32 - m. Calculate the remainder when f is divided by k.
12
Let n = 10 - 0. Let z be 20/3*(-15)/(-2). Suppose -2*a + 2 = -i - 0*i, 5*a = -5*i + z. What is the remainder when n is divided by i?
4
Suppose 5*q - 197 = 4*h, h + 2*h = 4*q - 158. Calculate the remainder when q is divided by 11.
8
Suppose 0 = 4*d - 3*d + 4, 3*p + 2*d - 178 = 0. Suppose 5*h - 3 - 2 = 0. What is the remainder when p is divided by (2/(-5))/(h/(-40))?
14
Suppose 4*t - t = 12. Suppose 7*d - t*d = 207. Calculate the remainder when d is divided by 18.
15
Suppose 5*m = 6 + 44. What is the remainder when (-8)/(-4) - -31 - -4 is divided by m?
7
Let c(b) = -4. Let m(n) = n. Let i(r) = -c(r) - 2*m(r). Calculate the remainder when i(-4) is divided by 5.
2
Let j = -3 + 31. What is the remainder when j is divided by 15?
13
Suppose 9*b - 98 = 2*b. What is the remainder when 24 is divided by b?
10
Let p = -4 + -11. Calculate the remainder when 4 is divided by -5*(-2 - 21/p).
1
Suppose 3*a = -a + 112. Let w(y) = -y**3 - 4*y**2 - y - 2. Let q be w(-5). Let o = q - 18. Calculate the remainder when a is divided by o.
8
Let v(c) = 135*c + 1. Let n be v(-1). Let j = 205 + n. Calculate the remainder when j is divided by 18.
17
Let a(o) = 0*o + 3*o + 27 - 2*o. Let k be a(0). Suppose -5*v + 23 = c, -2*c = -5*v + k + 2. What is the remainder when 8 is divided by v?
3
Suppose 5*h + l - 4*l - 70 = 0, -5*l = -25. Let a = 30 - h. Calculate the remainder when 23 is divided by a.
10
Let j = 69 + -31. Calculate the remainder when j is divided by ((-30)/4)/(-5) - (-117)/6.
17
Suppose 0 = 4*t - 3*n + 494, 2*n = 2*t - 0*n + 248. Let v = t - -191. Calculate the remainder when v is divided by 18.
15
Let b(r) = -6*r**2 - 4*r + 3*r**2 + 4*r**2. Let g(s) = -4*s + 1. Let t(c) = 2*b(c) - 3*g(c). What is the remainder when 50 is divided by t(2)?
11
Suppose -25 = -n + 2. Suppose 5*o - n = 3*q + 39, -o + 5*q + 22 = 0. Suppose -2*v + o - 2 = 0. What is the remainder when 8 is divided by v?
3
What is the remainder when 32 is divided by ((-34)/(-4))/(4/8)?
15
Let d(k) = k**2 - 5*k - 3. Suppose 3*w = -4*o + 25, 3*o = -2*o - 2*w + 26. Calculate the remainder when o is divided by d(6).
1
Suppose -10 = 4*x - 9*x. Suppose -16 = 4*d + x*a - 102, d + 5*a = 26. What is the remainder when 39 is divided by d?
18
Suppose -q - 15 = -4*q. Suppose -7 = 4*a + q. What is the remainder when (-5 - a) + 22/1 is divided by 7?
6
Suppose 8 = 4*u - 4. Suppose -3*f + u + 3 = 0. What is the remainder when 23 is divided by f + 8 + 4 + -2?
11
Suppose 2*v = -5*n - 65, 0 = v - 2*n - 3*n + 40. Let m(d) = -3*d**2 + 2*d - 3. Let y be m(3). Let q = y - v. What is the remainder when 31 is divided by q?
9
Let d(r) = -r**3 - 5*r**2 - 4*r - 1. Suppose -17 = 5*t - 92. What is the remainder when d(-6) is divided by t?
14
Suppose -15 = x - 42. Calculate the remainder when x is divided by 8.
3
Suppose -4*x = -2*l - 6, -x + 6*x = 2*l + 9. Let z be (-2)/(-8) + l/(-12). Suppose 16 = -z*i + i. What is the remainder when i is divided by 9?
7
Let f(u) = u**3 + 2*u**2 - u - 2. Calculate the remainder when 10/(-4)*66/(-5) is divided by f(2).
9
Let d = -11 + 72. Let m be 2*(-2 - d/2). Let q = -34 - m. What is the remainder when q is divided by 8?
7
Let l be (0 + 0)*5/10. Suppose l = u + 3 - 7. Suppose 3*y + 0*i = 4*i - 14, 26 = 3*y + u*i. Calculate the remainder when 5 is divided by y.
1
Let p = -185 - -233. What is the remainder when p is divided by 7?
6
Suppose 0*d + 20 = 3*n - d, -4 = -d. Suppose -5*v = -19 + 49. What is the remainder when 4/v*(-1 + -32) is divided by n?
6
Let x = 11 - -3. What is the remainder when 40 is divided by x?
12
Suppose 113 = k + 4*k + y, 0 = 4*y + 8. What is the remainder when 79 is divided by k?
10
Suppose 5*q = -4*b + 17, q = 4*b + 8 + 5. Suppose -11*d = -7*d - 8. Calculate the remainder when q is divided by d.
1
Let r = 10 + -4. Suppose h + 14 = 8. Calculate the remainder when r/4*(-188)/h is divided by 16.
15
Let q be 10/4*10/5. Suppose q = -a - 4*a, t + 2*a = 28. Calculate the remainder when t is divided by 16.
14
What is the remainder when (-2 - -1)*1 - -46 is divided by (23 + 0)*(-21 + 22)?
22
Let n = 4 + 1. Suppose n*g = 2*d - 8, 5*g + d - 1 = 3. Suppose j + 2 - 12 = g. Calculate the remainder when j is divided by 4.
2
Suppose -v - 12 = -3*o - 5, -3*o + 12 = 0. Suppose -f - 3*f = -32. What is the remainder when f is divided by v?
3
Calculate the remainder when (2/4)/(4/440) is divided by 19.
17
Suppose -287 = -5*q - 32. Suppose 13*w = 10*w + q. Calculate the remainder when 83 is divided by w.
15
Let z(w) = -2*w**2 - 3*w**2 - 2 + 8*w - 3*w - w**3 + 10. Let o(b) = -5*b**3 + 1. Calculate the remainder when o(-2) is divided by z(-6).
13
Suppose b - 250 = -b. Let p = -84 + b. Suppose q = 3*q - 42. Calculate the remainder when p is divided by q.
20
Suppose -5*r = -14 - 6. Let w be (-2)/(2/(-5)) + -2. Suppose w*g = 2*l - 4*l + 38, 5*g + r*l = 60. Calculate the remainder when g is divided by 9.
7
Calculate the remainder when 27 is divided by (-5 + 2)/((-5)/40*4).
3
Let g = -3 + 6. Suppose 0 = 2*v - g*k + 2*k - 25, 3*v = 4*k + 40. What is the remainder when 22 is divided by v?
10
Let b = -5 - -11. Let l(j) = -j**3 + 6*j**2 + 4*j + 1. Suppose -5*z + 35 = -0*z. What is the remainder when l(b) is divided by z?
4
Let h be (-75)/(-1) - 0/(-12). Suppose 5*c + 3*g = 70, -2*c = 3*c + 4*g - h. What is the remainder when (0 - 2)*(1 - 17) is divided by c?
10
Let s = 23 + -10. Calculate the remainder when s is divided by 8.
5
Suppose 0 = -w + 108 + 3. Suppose -4*p = -w + 31. Calculate the remainder when p is divided by (-2 + 1)*(2 - 9).
6
Suppose 7*a - 170 = 2*a. Suppose -4*u = 2*z - 0*u - 2, z = -3*u - 3. Calculate the remainder when a is divided by z.
7
Let g(c) = -c**2 - 13*c - 9. Let n(k) = -k**3 + 14*k**2 - 2*k + 20. Let u be n(14). What is the remainder when g(u) is divided by 11?
9
Suppose 7*i - 600 = 2*i. Suppose 6*k + 48 = i. Calculate the remainder when 47 is divided by k.
11
Suppose 3 = 5*c - v + 22, -3*v + 9 = -3*c. Calculate the remainder when 47 is divided by c/3*(3 - 15).
15
What is the remainder when 49 is divided by 696/27 - (-4)/18?
23
Calculate the remainder when (-6)/(-10) - 128/(-20) is divided by 5.
2
Suppose 0 = -23*w + 18*w + 30. Calculate the remainder when 8 is divided by w.
2
Let y(d) = -4*d. Let k be y(-1). Suppose k*u = u + 15. Suppose 5*a - 45 = -u*f, 7*a - 36 = -4*f + 2*a. What is the remainder when 26 is divided by f?
8
Suppose 0 = -0*j - 3*j + 12. Let p(g) = g**3 - j*g**2 + 7*g - 11 - 3*g**3 + 12*g**2 + g**3. What is the remainder when p(8) is divided by 23?
22
Suppose -4*j = -104 - 20. What is the re